 and 5.
5
Let a = 13 - 21. Let n be a/(-6)*6/2. Calculate the greatest common factor of n and 4.
4
Let l be (-1 - -3)/(2/(-12)). Let b be 8/l*(-39)/2. Let d = 23 - b. Calculate the greatest common divisor of d and 4.
2
Let c be 1/4 + (3885/28 - 3). Let o = -59 + 93. What is the greatest common factor of o and c?
34
Suppose -2*u + 7*u = -1300. Let q = u - -513. Calculate the greatest common divisor of 23 and q.
23
Let l(p) = 9*p**2 + p + 1. Let x be l(-1). Let b be 7/x + (-4)/(-18). Let n be 29/4 - 1/4. What is the highest common divisor of n and b?
1
Let n(i) = -13*i**3 - i + 2. Let g be n(-2). Suppose 2*s + 2*c - 16 = 0, 0 = -5*s + 2*c + 3*c + 80. What is the highest common factor of s and g?
12
Suppose 7*q = -4*q + 88. Calculate the highest common divisor of 1 and q.
1
Suppose -2*n + 71 = -31. What is the greatest common factor of 17 and n?
17
Let o = -14 + 62. Let q = -19 + 194. Suppose 5*y - q = -5*u, -3 = -2*u + u. What is the greatest common divisor of y and o?
16
Let m(k) = k**3 - 9*k**2 + 8*k + 2. Let f be m(8). Let q be f*(-3)/(-4)*10. What is the highest common divisor of q and 105?
15
Suppose 0 = k + 8 - 12. What is the greatest common factor of 6 and k?
2
Suppose -5*o - 2*o = -1715. What is the greatest common divisor of 35 and o?
35
Let w = 39 - -10. Let x(p) = p**2 + 3*p + 3. Let i = -9 - -5. Let n be x(i). What is the highest common factor of n and w?
7
Let r = -53 + 61. Calculate the highest common divisor of 32 and r.
8
Let m be -1 - -4*(-1)/2. Let c be (45/m - -2)*-1. Let o = -9 + c. Calculate the highest common divisor of o and 4.
4
Let t be 63/(-2)*(-6)/9. What is the greatest common factor of 42 and t?
21
Let w(x) = 2*x - 3. Let n be w(4). Suppose 106 = n*a + 21. What is the highest common factor of 34 and a?
17
Suppose -2*a - 5*p = -118, -a - 122 = -3*a - 3*p. What is the greatest common divisor of 16 and a?
16
Suppose -2*k + 0*k - 4*f + 126 = 0, -f + 60 = k. Suppose -i = -5*p - 34, 2*p - 32 = -2*i - 0. Calculate the greatest common factor of i and k.
19
Let i = -11 + 13. Suppose 4*z - i = 10. What is the highest common divisor of 3 and z?
3
Suppose 2*z + 11 - 27 = 0. Calculate the highest common factor of z and 1.
1
Suppose 0 = 3*o + 8 - 80. Calculate the greatest common divisor of 36 and o.
12
Let d(f) = f**2 - 10*f + 1. Let m be d(7). Let z be m/(-6)*45/25. Calculate the highest common divisor of 2 and z.
2
Let x(s) = -3*s + 16. Let r be x(-3). Calculate the greatest common factor of r and 5.
5
Suppose 5*z + 4 = 9*z. Let q = z - -6. What is the highest common factor of 21 and q?
7
Let j be (-1)/5 - (-105)/25. Suppose j*d = 3*d + 15. Let l(z) = 19*z**2 - 2*z. Let w be l(3). What is the greatest common divisor of w and d?
15
Suppose -y = -212 - 261. Suppose 0*b + b - y = 4*d, -4*b + 476 = -4*d. Let i = d + 168. What is the greatest common factor of i and 10?
10
Let z(u) = u**3 + 8*u**2 + 7*u + 2. Let q be z(-7). Suppose 3*y - 50 = n + 4*n, 0 = 3*y - q*n - 38. Calculate the highest common divisor of y and 15.
5
Suppose -13*o = -7*o - 1440. What is the greatest common factor of o and 24?
24
Suppose -2*y + 4*t + 136 = 0, 2*y + 3*t - 104 = -t. Calculate the greatest common factor of y and 20.
20
Suppose 4*g = 5*g - 21. What is the highest common factor of g and 14?
7
Suppose -j - 1 = 5*r - 2, -4*j = -3*r - 50. Calculate the highest common factor of j and 22.
11
Let p be (22 + 0)/(1 - 2). Let v be p/(-1) - (-7)/(-7). Let h be (-1 - -2)/1 - -2. What is the greatest common factor of v and h?
3
Let u be (-1001)/(-22) - (-9)/(-6). Let q be ((-8)/(-10))/(2/165). Calculate the highest common factor of u and q.
22
Suppose -2*f + 6*f = 3*n + 39, -4*n + 23 = 3*f. What is the greatest common divisor of f and 72?
9
Suppose -5*m - 18 + 98 = 0. Calculate the highest common divisor of m and 32.
16
Let q(k) = 7*k + 4. Let n be q(6). Suppose -3*m + 8 + n = 0. Suppose 5*s - 30 = -3*i + 17, -2*s = -2*i + 10. Calculate the highest common divisor of i and m.
9
Suppose 4*l - 3 + 0 = 3*a, 4*a = 3*l + 3. Calculate the highest common divisor of 6 and a.
3
Let t be ((-152)/2)/((-6)/51). Let z = t + -430. What is the greatest common factor of 24 and z?
24
Let r(n) = -7*n**2 - 2*n. Let i be r(-2). Let b(q) = 2022*q**2 + 2*q - 2. Let g be b(1). Let v be 2/(-8) - g/i. What is the highest common divisor of 12 and v?
12
Suppose -f = -3*d + 164, -4*d + 221 = -0*d + f. What is the greatest common factor of d and 5?
5
Let n(o) = o**3 - 4*o**2 - 3*o + 8. Let g be n(5). What is the greatest common divisor of g and 63?
9
Let s(y) = -y**2 + 15*y + 22. Let w be s(16). Calculate the highest common factor of w and 66.
6
Let i be 152/7 + 4/(-98)*-7. What is the highest common divisor of i and 11?
11
Let l be 2/(-3) - (-1196)/12 - 3. What is the greatest common factor of 12 and l?
12
Let d(y) = -y**3 + 5*y**2 - 2*y - 1. Let x be d(4). What is the greatest common factor of x and 7?
7
Let j = 21 + -15. Suppose -3*x + 6 = -6. Let b be (10/15)/(x/18). What is the highest common divisor of b and j?
3
Suppose 2*p - 17 = -3*y + 31, 4*p - 5*y - 96 = 0. What is the highest common divisor of p and 60?
12
Let d be ((-7)/5 - -3)/(2/15). What is the greatest common factor of d and 132?
12
Suppose v - 3*v = -72. What is the greatest common divisor of 18 and v?
18
Let b be (30/(-12))/(1/(-18)). Suppose 4*h - 4 - 56 = 0. Calculate the greatest common divisor of h and b.
15
Let n be -6 - (1 + -4) - -107. What is the greatest common divisor of n and 13?
13
Suppose -6*l = -3*w - 2*l + 110, 0 = 4*w + 4*l - 184. Calculate the highest common factor of w and 14.
14
Suppose 8*s = -4*s + 984. What is the greatest common factor of s and 123?
41
Let j be 6/2*(-110)/(-3). What is the highest common factor of j and 44?
22
Let c(w) = 10*w - 2. Let q be c(9). What is the highest common divisor of q and 11?
11
Suppose -5*d + 2*z = -4*d - 51, -5*d + 228 = -z. What is the greatest common divisor of 15 and d?
15
Let u = -37 + 10. Let p be 8/36 + (-588)/u. Calculate the greatest common factor of p and 88.
22
Let i be (8/20 - 196/(-10)) + -2. What is the greatest common divisor of i and 2?
2
Let x(k) = -k**3 + 10*k**2 - 10*k + 9. Let j be x(9). Suppose -12*f + 10*f + 2 = j. What is the greatest common factor of f and 7?
1
Suppose o = -0*o + 4. Suppose -c - 3*t = -2*t - 4, -o*t + 8 = 2*c. Suppose 0 = q - 3*q + c*v + 30, q - v = 11. Calculate the greatest common factor of 14 and q.
7
Suppose 1 - 4 = 3*b - 3*n, 0 = -4*n + 12. Let f = 11 - b. What is the greatest common factor of 3 and f?
3
Suppose -4*v - 3*y = -358, v - 3*y + 5*y - 92 = 0. Suppose -20 = -4*d + 3*j, -2*d + 12 = -3*d + 5*j. Calculate the highest common divisor of v and d.
8
Let l = 134 + -96. Suppose 0 = -d - 0*d + l. What is the highest common divisor of 95 and d?
19
Let p be (-432)/(-20) + (-6)/10. What is the greatest common divisor of p and 14?
7
Let c(m) = -30*m**3 - m - 1. Let i be c(-1). Calculate the highest common divisor of i and 30.
30
Let n be -2 + (2/((-8)/(-12)) - -11). Calculate the greatest common factor of 84 and n.
12
Let c(j) = -j**2 - 4*j + 5. Let i be c(-6). Let a = i - -21. Calculate the highest common divisor of 14 and a.
14
Let b(r) = r**2 - 11*r + 14. Let j be b(10). Suppose 5*u - j*u - 6 = 0. Suppose u*g = 4*g + 128. What is the greatest common divisor of 16 and g?
16
Let u = 3 - 0. Suppose 10 = -2*a + u*a. Calculate the highest common divisor of 80 and a.
10
Let n(m) = -m**2 + 18. Let h be n(0). Let r be (-265)/(-4) - (-6)/(-24). Let g = r - 21. Calculate the greatest common divisor of h and g.
9
Let s be 3*-3*4/(-12). Suppose 0 = s*i + 6 - 51. What is the highest common factor of 5 and i?
5
Let j(q) = -q**3 + 19*q**2 - 25*q + 1. Let t be j(17). What is the highest common divisor of 14 and t?
14
Suppose 0 = -5*f + 82 + 328. Suppose -5*j + j - g = -f, 5*g + 52 = 2*j. Suppose 69 = 5*r - j. Calculate the highest common factor of r and 45.
9
Let o be 4/(-14) + 317/7. Suppose 0*f - 12 = -3*f. Suppose -25 = f*m - 9*m. What is the greatest common factor of m and o?
5
Let t(l) = l**3 + 9*l**2 - 4*l - 16. Let q be t(-9). What is the greatest common factor of 140 and q?
20
Let h be (-17)/(2/(-2*1)). Suppose 3*n = -3*x + 18, -5*n - 4*x - 1 = -30. Let q = h - n. Calculate the greatest common factor of 36 and q.
12
Let y = 